.
47
Calculate the remainder when 19918 is divided by 131.
6
What is the remainder when 93625 is divided by 7796?
73
Calculate the remainder when 36806 is divided by 2300.
6
What is the remainder when 330975 is divided by 1208?
1191
What is the remainder when 116795 is divided by 140?
35
What is the remainder when 6005 is divided by 21?
20
What is the remainder when 1702 is divided by 25?
2
Calculate the remainder when 219428 is divided by 781.
748
Calculate the remainder when 6041 is divided by 854.
63
Calculate the remainder when 1583 is divided by 335.
243
What is the remainder when 3140 is divided by 143?
137
Calculate the remainder when 78895 is divided by 13149.
1
What is the remainder when 13198 is divided by 157?
10
Calculate the remainder when 329 is divided by 191.
138
What is the remainder when 47109 is divided by 128?
5
Calculate the remainder when 2580 is divided by 844.
48
What is the remainder when 11095 is divided by 347?
338
Calculate the remainder when 42088 is divided by 10436.
344
What is the remainder when 76189 is divided by 5?
4
What is the remainder when 138721 is divided by 775?
771
Calculate the remainder when 13356 is divided by 6643.
70
What is the remainder when 132265 is divided by 380?
25
What is the remainder when 862 is divided by 439?
423
What is the remainder when 428320 is divided by 142770?
10
Calculate the remainder when 1155 is divided by 192.
3
Calculate the remainder when 4702 is divided by 434.
362
Calculate the remainder when 311507 is divided by 35.
7
Calculate the remainder when 2653 is divided by 2643.
10
What is the remainder when 39283 is divided by 9804?
67
Calculate the remainder when 16332 is divided by 92.
48
Calculate the remainder when 1174 is divided by 78.
4
What is the remainder when 3467 is divided by 3323?
144
Calculate the remainder when 12870 is divided by 2555.
95
What is the remainder when 26024 is divided by 13004?
16
Calculate the remainder when 6791 is divided by 2119.
434
What is the remainder when 12948 is divided by 249?
0
What is the remainder when 37235 is divided by 70?
65
Calculate the remainder when 44657 is divided by 22294.
69
What is the remainder when 132351 is divided by 132339?
12
Calculate the remainder when 1558 is divided by 1019.
539
Calculate the remainder when 380793 is divided by 87.
81
Calculate the remainder when 15543 is divided by 214.
135
What is the remainder when 123538 is divided by 282?
22
What is the remainder when 2494 is divided by 276?
10
What is the remainder when 27350 is divided by 34?
14
Calculate the remainder when 2202 is divided by 223.
195
What is the remainder when 1938507 is divided by 90?
87
What is the remainder when 12982 is divided by 35?
32
What is the remainder when 41807 is divided by 133?
45
What is the remainder when 94866 is divided by 265?
261
What is the remainder when 442524 is divided by 17?
14
Calculate the remainder when 8863 is divided by 1484.
1443
What is the remainder when 12291 is divided by 4092?
15
Calculate the remainder when 5015 is divided by 428.
307
What is the remainder when 233 is divided by 152?
81
What is the remainder when 8901 is divided by 883?
71
What is the remainder when 85951 is divided by 138?
115
What is the remainder when 940493 is divided by 16?
13
Calculate the remainder when 213205 is divided by 194.
193
Calculate the remainder when 16606 is divided by 32.
30
What is the remainder when 603 is divided by 288?
27
Calculate the remainder when 111838 is divided by 2282.
20
Calculate the remainder when 9043 is divided by 4511.
21
Calculate the remainder when 148329 is divided by 13.
12
Calculate the remainder when 160872 is divided by 15.
12
Calculate the remainder when 252665 is divided by 761.
13
What is the remainder when 66619 is divided by 185?
19
What is the remainder when 690551 is divided by 386?
383
What is the remainder when 8430 is divided by 88?
70
Calculate the remainder when 1896 is divided by 878.
140
What is the remainder when 37797 is divided by 300?
297
Calculate the remainder when 940727 is divided by 38.
37
Calculate the remainder when 4018 is divided by 41.
0
What is the remainder when 3392 is divided by 420?
32
Calculate the remainder when 23 is divided by 18.
5
What is the remainder when 123810 is divided by 25?
10
Calculate the remainder when 57067 is divided by 185.
87
What is the remainder when 7259 is divided by 242?
241
What is the remainder when 13026 is divided by 157?
152
What is the remainder when 337682 is divided by 337677?
5
What is the remainder when 4854 is divided by 810?
804
What is the remainder when 624 is divided by 184?
72
Calculate the remainder when 663234 is divided by 20098.
0
What is the remainder when 30134 is divided by 208?
182
Calculate the remainder when 116300 is divided by 1472.
12
What is the remainder when 19416 is divided by 844?
4
What is the remainder when 1298 is divided by 1247?
51
Calculate the remainder when 1538 is divided by 70.
68
Calculate the remainder when 12975 is divided by 616.
39
What is the remainder when 1128 is divided by 479?
170
What is the remainder when 38573 is divided by 29?
3
What is the remainder when 116008 is divided by 38669?
1
What is the remainder when 299878 is divided by 35?
33
Calculate the remainder when 19486 is divided by 738.
298
Calculate the remainder when 467850 is divided by 49.
47
What is the remainder when 384 is divided by 203?
181
What is the remainder when 23721 is divided by 81?
69
Calculate the remainder when 24319 is divided by 507.
490
What is the remainder when 52723 is divided by 95?
93
What is the remainder when 18796 is divided by 42?
22
Calculate the remainder when 3767 is divided by 1842.
83
Calculate the remainder when 447208 is divided by 311.
301
What is the remainder when 6875 is divided by 36?
35
Calculate the remainder when 17586 is divided by 166.
156
Calculate the remainder when 13771 is divided by 574.
569
Calculate the remainder when 3495 is divided by 101.
61
Calculate the remainder when 413 is divided by 24.
5
What is the remainder when 931 is divided by 753?
178
What is the remainder when 6347 is divided by 167?
1
Calculate the remainder when 2198 is divided by 100.
98
What is the remainder when 386 is divided by 362?
24
What is the remainder when 1397 is divided by 142?
119
What is the remainder when 918 is divided by 444?
30
What is the remainder when 13340 is divided by 430?
10
Calculate the remainder when 22341 is divided by 42.
39
What is the remainder when 3134 is divided by 449?
440
What is the remainder when 17300 is divided by 38?
10
What is the remainder when 8782 is divided by 23?
19
What is the remainder when 27049 is divided by 22?
11
What is the remainder when 18342 is divided by 63?
9
Calculate the remainder when 1336579 is divided by 9.
7
Calculate the remainder when 8287 is divided by 319.
312
Calculate the remainder when 27569 is divided by 10.
9
What is the remainder when 94002 is divided by 46995?
12
Calculate the remainder when 1501 is divided by 1327.
174
Calculate the remainder when 20779 is divided by 20732.
47
Calculate the remainder when 3349 is divided by 5.
4
What is the remainder when 18952 is divided by 151?
77
Calculate the remainder when 6223 is divided by 1277.
1115
What is the remainder when 56010 is divided by 323?
131
Calculate the remainder when 1424 is divided by 234.
20
Calculate the remainder when 418510 is divided by 26156.
14
What is the remainder when 6238 is divided by 1152?
478
Calculate the remainder when 5354 is divided by 763.
13
Calculate the remainder when 1365342 is divided by 24.
6
What is the remainder when 6264 is divided by 131?
107
What is the remainder when 3155 is divided by 753?
143
What is the remainder when 3573 is divided by 198?
9
Calculate the remainder when 14729 is divided by 1840.
9
What is the remainder when 3318 is divided by 255?
3
What is the remainder when 713748 is divided by 1250?
1248
What is the remainder when 76154 is divided by 79?
77
What is the remainder when 6455 is divided by 471?
332
What is the remainder when 37662 is divided by 1338?
198
What is the remainder when 55137 is divided by 599?
29
What is the remainder when 2919 is divided by 10?
9
What is the remainder when 1202 is divi